e factors of d?
2, 3
Suppose 3*g + b = 59, g - 3*g = -4*b - 16. What are the prime factors of g?
2, 3
Suppose -2*r = 2*r + 16. Let l be (-309)/(-21) - r/14. Suppose l = 5*m + 5. What are the prime factors of m?
2
Let j(b) = 4*b - 6. Let a be -5*((-2 - 0) + -2). Suppose 9*q - a = 4*q. What are the prime factors of j(q)?
2, 5
Let q = 3 - 1. Let m(v) = v**3 - 6*v**2 + 6*v - 4. Let j be m(5). Let f = q + j. What are the prime factors of f?
3
Let y(s) = -3*s**2 - 2*s + 8. Let h(z) = -z**2 + 1. Let g(k) = -4*h(k) + y(k). List the prime factors of g(0).
2
Let g = 4 + 1. Suppose -22 = 5*w - w - x, 0 = -4*w - g*x - 34. Let i = w + 21. What are the prime factors of i?
3, 5
Let k = -64 - -133. Suppose 4*n - k = 7. Let s = n + -4. List the prime factors of s.
3, 5
Let s = 17 - 19. What are the prime factors of (57/9)/(s/(-6))?
19
Suppose 123 = 3*g - 2*m, m - 5*m = 0. List the prime factors of g.
41
Let l = 106 + -57. List the prime factors of l.
7
Let o(b) = b + 3. Let a be o(-8). Let m = -2 - a. List the prime factors of m.
3
Let y(g) = -g**3 + g**2 + 12. Suppose 3*w - 4 = o, -o + 2*o = w - 4. List the prime factors of y(w).
2, 3
Suppose y + 4*u - 148 = -y, 3*y = u + 243. Suppose -g = 5*x - 0*x - 20, y = 4*g + x. What are the prime factors of g?
2, 5
Let d = -49 + 35. Suppose -35 = -4*z - 11. List the prime factors of d/(-3)*z/2.
2, 7
Let r be 0/(3 + -6 - -4). Let c(j) = -j**2 - 7*j - 5. Let v be c(-5). Let k = v + r. What are the prime factors of k?
5
Let n be 1 + 0/(-3) + 4. Suppose -f = -5*z - 46, -3*f + f + 107 = n*z. What are the prime factors of f?
3, 17
Let h(u) = u**2 - 4*u + 2. Let d be h(4). Suppose d*r + 4*j = -0*r + 72, -3*j = -15. List the prime factors of r.
2, 13
Suppose 4*i = 3*i. Suppose -2*u + i*u = 0. Let y(l) = l + 22. List the prime factors of y(u).
2, 11
Let f be (1*4)/((-2)/24). Let s = 95 + f. Suppose -5*q + s = -0*t + 2*t, -4*q - 5*t = -24. List the prime factors of q.
11
Let y(f) = -8*f + 5. Let j be 12/((-6)/9 + 0). Let l(t) = -t + 1. Let n(d) = j*l(d) + 2*y(d). List the prime factors of n(7).
2, 3
Let t be 2/(-10) - 63/(-15). Let z = t + -2. List the prime factors of z.
2
Let v = 0 + 2. Let r = 0 + v. Suppose 5*u + 4 = i - r*i, 0 = -4*i + 2*u + 50. List the prime factors of i.
11
Suppose -83 = 4*s - 327. What are the prime factors of s?
61
Suppose 4*l = 2*t + 2*l - 130, 328 = 5*t - 2*l. List the prime factors of t.
2, 3, 11
Let p(q) = -q**3 + 4*q**2 - q + 1. Suppose -3*s = -4*l + 3, s + 2*l - 4*l = -3. List the prime factors of p(s).
7
Suppose 2*g - 11 - 476 = 5*h, -490 = -2*g + 4*h. List the prime factors of g.
251
Suppose -4*m = -m + 5*z - 80, 108 = 5*m + 2*z. List the prime factors of m.
2, 5
What are the prime factors of (-39)/(-234) - (0 - (-131)/(-6))?
2, 11
Let g = -12 - -6. Let r(h) be the second derivative of h**5/20 + h**4/2 - h**3/3 - 3*h**2 + h. What are the prime factors of r(g)?
2, 3
Let k be (-4)/6 - 231/(-9). Let r = k + 0. What are the prime factors of r?
5
Let x(j) = j**2. Let h be x(1). Let m(o) = 4*o + 1. Let t be m(h). Let n = t - 2. List the prime factors of n.
3
Let y = 10 - 9. What are the prime factors of 14/(0 - -3 - y)?
7
Suppose 0*l + 52 = 4*x - 4*l, 38 = 2*x + l. Let v = 28 - x. List the prime factors of v.
11
Suppose -5*l - 3*j = -688, l = -4*j - 8 + 132. What are the prime factors of l?
2, 5, 7
Suppose 0 = a - 5. Suppose -4*m + 30 = 2*r, -3*m - a*r + 27 + 13 = 0. Suppose 5*n = 25 - m. List the prime factors of n.
2
Suppose -2*x = 2*m, 2*m - 2*x + 22 = 2. Let p be (-1)/m + (-28)/(-10). Suppose 18 = p*v + 2*w - 32, 5*w + 25 = 0. What are the prime factors of v?
2, 5
Let o(u) = -u**2 + 19*u - 15. List the prime factors of o(9).
3, 5
Suppose -p + 87 = -0*l + 4*l, -p + 5*l = -132. Suppose -5 = -4*q + p. What are the prime factors of q?
2, 7
Let f(j) = -4*j + 5. What are the prime factors of f(-3)?
17
Suppose 0 = 3*c + 3*o + 30, 4*o - 30 = -3*c + 4*c. Let g = 21 + c. List the prime factors of g.
7
Let m(a) = a**3 + 4*a**2 + 3. Let s be m(-3). Let h = 9 + s. What are the prime factors of h?
3, 7
Let j be ((-18)/15)/((-2)/(-10)). Let q(o) = 4*o - 5. Let y(b) = -9*b + 10. Let g(z) = -7*q(z) - 3*y(z). List the prime factors of g(j).
11
Let k be 6/((-14)/(-5) - 3). Let u = k + 48. Let j = -11 + u. What are the prime factors of j?
7
Let l = -7 + -12. Let t = 28 + l. What are the prime factors of t?
3
Let i be 100*(-2 + -2 + 5). Suppose 4*h - 8*h = -i. Let p = -14 + h. List the prime factors of p.
11
Let k(h) = h**2 + 2*h + 3. List the prime factors of k(13).
2, 3, 11
Let w = -1 + 16. What are the prime factors of (-34)/(-10) + (-6)/w?
3
List the prime factors of 315/20 - 3/(-12).
2
Suppose 3*a + v = 2*a - 14, 3*a = -v - 32. Let f be 10/45 + (-34)/a. Suppose -4*p + 49 = p + 3*t, 2*p + f*t - 28 = 0. List the prime factors of p.
2
Let s(z) = z**3 + 5*z**2 + 5*z - 1. Let c be s(-4). Let u = c + 14. List the prime factors of u.
3
Suppose 8 = -2*h + 2*w, 2*w + 5 = -h - 5. Suppose i + 35 = 5*i - q, 2*q = 10. Let l = i + h. List the prime factors of l.
2
Suppose 575 = -6*v + 11*v. List the prime factors of v.
5, 23
Let s = 46 - 18. Let z = -13 + s. Suppose -3*n + 5 - 22 = -a, 5*n = -z. List the prime factors of a.
2
Let d be (-183)/27 + 4/(-18). List the prime factors of (6/d)/(1/(-49)).
2, 3, 7
Let q = 123 + -21. What are the prime factors of q?
2, 3, 17
Let m(c) = -c**2 - 5*c + 7. Let h(g) = -6*g**2 - 24*g + 36. Suppose 0*j - 7 = j - 4*y, -y = j + 12. Let v(o) = j*m(o) + 2*h(o). List the prime factors of v(5).
5
What are the prime factors of 5*(-2 + 5) - 4?
11
Let j be (-3)/(-12) - 42/8. Let z be 1/j - 2/(-10). Suppose z = w - 6 - 4. List the prime factors of w.
2, 5
Let t(o) = -2*o + 1. Suppose 0 = -5*f - 2*u + 14, 3*f = -6*u + 2*u. Let s be t(f). Let c = s + 22. What are the prime factors of c?
3, 5
List the prime factors of (-496)/(-6) + (-32)/(-24).
2, 3, 7
Suppose -3*j + 29 = 5*g - 113, -5*g - 5*j = -140. List the prime factors of g.
29
Let l be 3/5 + (-36)/(-15). Suppose -2 = -5*w + l. Let o = 1 + w. What are the prime factors of o?
2
Suppose 2*g + 3 = -g. Let k(w) = -27*w - 1. Let r be k(g). Suppose 0 = -0*l + 2*l - r. What are the prime factors of l?
13
Let u = -3 - 1. Let c(y) = -y**3 - 5*y**2 - 4*y + 4. Let r be c(u). Suppose -4*s = r*d - 80, 2*s - 4*d - 40 = -2*d. List the prime factors of s.
2, 5
Suppose 5*g + 376 = 3*v + 65, -3*v - 4*g = -302. What are the prime factors of v?
2, 3, 17
Let p(a) = -a**3 + 8*a**2 + 6*a - 1. Let m be p(5). Suppose -u = u + 5*w - 26, -4*u + 3*w = -m. What are the prime factors of u?
23
Let u be (10/4)/(2/(-12)). Let i = u - -24. List the prime factors of i.
3
Let d(h) = h**3 + 6*h**2 - 8*h - 2. Let o be d(-7). Suppose -j + 6 + 23 = 0. Suppose -2*i - o*p = -j, -5*i + 2*i + 33 = -3*p. List the prime factors of i.
2, 3
Let a(w) = w + 12. Let g be a(-10). Suppose 0*v + 4*p - 19 = -v, -2*p = g*v - 26. List the prime factors of v.
11
Let a(z) = -z**2 - 3*z + 2. Let b be a(-2). Suppose 0*r + 48 = b*r. Suppose 5*t - t = r. List the prime factors of t.
3
Let w be (-7)/3 + 4/12. Let r be (3 + -2)/(w/(-10)). Let c(h) = 4*h - 6. List the prime factors of c(r).
2, 7
Suppose 2*q - 14 = -2*j, -5*q = -j - 2*j - 27. Suppose q*v - 63 = 3*v. What are the prime factors of v?
3, 7
Let j = 9 + -1. Let i = j + -8. Suppose -z + 0 + 4 = i. What are the prime factors of z?
2
Let n be (13/3)/((-2)/(-30)). Let d = n + -33. What are the prime factors of d?
2
Let c(m) = 1 - m**2 + 0*m**2 + 0*m**2. Let f be c(-1). Suppose -5*w + 25 = 2*h, -5*w - h + 3*h + 25 = f. What are the prime factors of w?
5
Let c be (-1)/(1/((-6)/3)). Suppose -c*h + 128 = 2*h. What are the prime factors of h?
2
Let y be 1 + 3/3 + 1. Suppose -y*a - 5*x + 18 = -20, 4*a - 12 = 3*x. Suppose a*u = 2*u + 12. What are the prime factors of u?
3
Let y(h) = h**2 - 9*h + 12. Let k be y(8). Let b = k + 6. What are the prime factors of b?
2, 5
Suppose 0*n + 3*n - 45 = 0. Let r = n + -8. List the prime factors of r.
7
Suppose 4*j + 16 = 0, -3*j - 4 = 3*m - 61. What are the prime factors of m?
23
Suppose g = 4*g + t - 98, -11 = -g + 4*t. List the prime factors of g.
31
Let b = -1 + 2. What are the prime factors of 5/(-10)*-26*b?
13
Let i be (7 - 1)*(-18)/(-27). Suppose -107 = -3*y + x, -i*x + 9 + 39 = 2*y. List the prime factors of y.
2, 1